of 3097 and 276370086.
3097
Calculate the highest common divisor of 43848 and 928.
232
Calculate the highest common divisor of 3928693 and 4537.
349
What is the highest common factor of 75 and 13453815?
15
Calculate the highest common factor of 1493268 and 1363.
29
Calculate the greatest common factor of 621 and 13405987.
23
What is the highest common divisor of 414948 and 100566?
906
What is the highest common factor of 78 and 227669?
13
What is the highest common divisor of 168 and 62584424?
56
What is the highest common divisor of 387 and 3251273?
43
What is the greatest common factor of 585879953 and 551?
551
What is the highest common factor of 50151 and 25568469?
219
What is the highest common factor of 2976 and 41820?
12
Calculate the highest common factor of 1001 and 301147.
77
What is the greatest common factor of 1875 and 9705?
15
What is the highest common factor of 5173 and 32641?
7
Calculate the greatest common factor of 11164520 and 360.
40
Calculate the highest common divisor of 23847 and 231.
3
What is the highest common factor of 5868 and 59169?
489
What is the greatest common factor of 37306 and 815866?
1622
Calculate the highest common factor of 624 and 5095728.
48
Calculate the greatest common factor of 396 and 13355892.
396
Calculate the greatest common divisor of 1168 and 60665628.
292
Calculate the highest common factor of 353188 and 173052.
1012
Calculate the greatest common divisor of 77 and 10819333.
7
Calculate the highest common divisor of 10760612 and 532.
76
Calculate the highest common divisor of 1338332 and 860.
172
What is the highest common factor of 372 and 164036748?
372
Calculate the highest common divisor of 440 and 15243580.
220
What is the highest common factor of 1814540 and 95550?
910
Calculate the greatest common factor of 10544573 and 255.
17
Calculate the greatest common divisor of 1399650 and 63147.
651
What is the highest common factor of 20 and 26386920?
20
What is the highest common divisor of 441 and 181647?
9
Calculate the highest common divisor of 56 and 274070776.
56
Calculate the greatest common factor of 10683 and 4825155.
3561
Calculate the greatest common factor of 4579 and 106623943.
241
What is the highest common factor of 138126294 and 36?
18
What is the greatest common factor of 54669150 and 41400?
450
What is the greatest common factor of 30919 and 150773?
49
Calculate the highest common divisor of 2116 and 344176922.
1058
Calculate the greatest common divisor of 55 and 2318170.
5
What is the greatest common divisor of 870716 and 326942?
1694
Calculate the highest common factor of 3018545 and 28647.
1061
What is the greatest common factor of 98903 and 8686748?
1393
What is the greatest common divisor of 30248 and 17895672?
1592
What is the greatest common divisor of 7554398 and 489?
163
Calculate the highest common divisor of 15169362 and 117.
39
Calculate the highest common factor of 1943163 and 621.
27
Calculate the greatest common divisor of 61884 and 754434.
162
Calculate the greatest common divisor of 92620515 and 255.
15
Calculate the greatest common factor of 506 and 3195183.
23
What is the greatest common divisor of 146053 and 77392716?
7687
What is the highest common divisor of 74778 and 23078?
22
Calculate the highest common factor of 10790485 and 40.
5
What is the highest common divisor of 16461315 and 585?
585
Calculate the highest common divisor of 1745220 and 7540.
580
Calculate the highest common factor of 18079 and 1441977.
101
What is the greatest common factor of 13 and 22970805?
13
What is the greatest common factor of 5031 and 1953783?
117
What is the greatest common factor of 6645 and 9420395?
2215
What is the greatest common divisor of 19257 and 779319?
393
Calculate the highest common divisor of 9276 and 35169.
3
What is the highest common divisor of 36204 and 48818?
14
Calculate the highest common factor of 3377304 and 576.
72
What is the greatest common divisor of 66 and 3619869?
33
Calculate the greatest common factor of 4716366 and 48.
6
What is the greatest common factor of 14456 and 9566258?
3614
Calculate the highest common factor of 32070169 and 1689.
563
Calculate the highest common factor of 7865 and 208392613.
1573
Calculate the highest common divisor of 25665 and 37965.
15
Calculate the highest common divisor of 43776 and 68369904.
2736
What is the highest common divisor of 4693353 and 147?
21
Calculate the highest common divisor of 215 and 311277.
43
What is the highest common factor of 152413 and 490109?
173
What is the highest common divisor of 3163912 and 28296?
1048
Calculate the greatest common divisor of 112582699 and 662.
331
Calculate the greatest common factor of 12779512 and 646.
34
What is the highest common divisor of 82878 and 1620168?
114
Calculate the highest common factor of 320950 and 2600.
50
Calculate the highest common divisor of 226498 and 781714.
538
Calculate the highest common factor of 1796834 and 13546.
26
What is the highest common factor of 69590728 and 40?
8
What is the greatest common factor of 813010 and 6600?
110
What is the greatest common divisor of 216150 and 90783?
4323
What is the greatest common divisor of 10614 and 9021717?
183
What is the highest common divisor of 9053 and 8879347?
823
Calculate the highest common divisor of 299414 and 193572.
566
What is the greatest common factor of 39474655 and 116?
29
Calculate the greatest common divisor of 18670 and 2268680.
10
What is the highest common divisor of 414460 and 380?
20
Calculate the highest common divisor of 1855988 and 29848.
164
What is the highest common divisor of 90476 and 12828?
4
Calculate the greatest common divisor of 24661 and 48985418.
271
What is the greatest common divisor of 163 and 9780163?
163
What is the greatest common factor of 25 and 10650910?
5
Calculate the highest common factor of 1921374 and 6006.
546
What is the greatest common divisor of 78 and 57067179?
39
Calculate the highest common factor of 206739754 and 1326.
442
What is the greatest common divisor of 9885085 and 5?
5
Calculate the highest common factor of 5588470 and 52930.
670
What is the highest common divisor of 2441874 and 47094?
1002
Calculate the highest common divisor of 73225 and 32150.
25
Calculate the highest common factor of 1508 and 32741.
29
Calculate the highest common factor of 20545 and 2881583.
587
Calculate the greatest common divisor of 5456080 and 42.
14
Calculate the greatest common divisor of 83056 and 20240608.
464
What is the greatest common factor of 798 and 6924759?
57
Calculate the highest common factor of 13237 and 1064084.
427
What is the greatest common divisor of 727007 and 184?
23
What is the highest common factor of 11541738 and 76869?
2847
Calculate the greatest common factor of 1640064 and 2400.
96
What is the highest common divisor of 827891380 and 3342?
1114
Calculate the highest common factor of 201508130 and 808.
202
Calculate the highest common factor of 28 and 8114836.
4
What is the highest common divisor of 548 and 94549043?
137
What is the greatest common divisor of 42731 and 8567?
13
What is the greatest common factor of 6192 and 272276?
172
Calculate the greatest common factor of 70320 and 67120.
80
Calculate the greatest common divisor of 2664 and 52181544.
888
Calculate the highest common divisor of 285 and 2915430.
15
Calculate the highest common divisor of 5759352 and 12136.
328
Calculate the greatest common divisor of 43272 and 92424.
24
What is the highest common divisor of 196631 and 1667611?
1501
What is the highest common divisor of 1500716 and 45640?
28
What is the highest common divisor of 246310 and 2630?
10
Calculate the highest common divisor of 27 and 78852339.
27
What is the highest common factor of 2850 and 43395050?
950
What is the greatest common factor of 985858 and 46793?
641
What is the greatest common divisor of 29184436 and 713732?
6548
Calculate the highest common factor of 604635 and 129231.
519
What is the greatest common factor of 8306034 and 726?
66
What is the highest common divisor of 25242 and 400008?
42
Calculate the highest common divisor of 28 and 10564883.
7
What is the greatest common divisor of 529 and 1442652?
23
What is the greatest common divisor of 522 and 440858?
58
What is the gr